 66.
62
What is the remainder when 116 is divided by 31?
23
Calculate the remainder when 286 is divided by 49.
41
Calculate the remainder when 756 is divided by 27.
0
Calculate the remainder when 790 is divided by 269.
252
Calculate the remainder when 1299 is divided by 143.
12
Calculate the remainder when 857 is divided by 86.
83
Calculate the remainder when 1009 is divided by 49.
29
What is the remainder when 27022 is divided by 12?
10
What is the remainder when 668 is divided by 332?
4
Calculate the remainder when 897 is divided by 98.
15
What is the remainder when 132 is divided by 34?
30
What is the remainder when 561 is divided by 55?
11
Calculate the remainder when 346 is divided by 11.
5
What is the remainder when 123 is divided by 44?
35
What is the remainder when 11563 is divided by 15?
13
What is the remainder when 502 is divided by 91?
47
Calculate the remainder when 2299 is divided by 18.
13
Calculate the remainder when 408 is divided by 59.
54
Calculate the remainder when 244 is divided by 11.
2
What is the remainder when 3354 is divided by 84?
78
Calculate the remainder when 47 is divided by 13.
8
Calculate the remainder when 66 is divided by 46.
20
What is the remainder when 5732 is divided by 37?
34
Calculate the remainder when 673 is divided by 15.
13
Calculate the remainder when 2149 is divided by 56.
21
Calculate the remainder when 12846 is divided by 292.
290
Calculate the remainder when 175 is divided by 20.
15
What is the remainder when 5180 is divided by 61?
56
What is the remainder when 13618 is divided by 20?
18
What is the remainder when 32 is divided by 3?
2
Calculate the remainder when 397 is divided by 229.
168
What is the remainder when 16 is divided by 8?
0
Calculate the remainder when 305 is divided by 32.
17
What is the remainder when 1502 is divided by 1489?
13
Calculate the remainder when 292 is divided by 60.
52
Calculate the remainder when 172 is divided by 31.
17
Calculate the remainder when 98 is divided by 35.
28
Calculate the remainder when 380 is divided by 77.
72
What is the remainder when 471 is divided by 48?
39
What is the remainder when 24 is divided by 13?
11
Calculate the remainder when 14295 is divided by 181.
177
Calculate the remainder when 4640 is divided by 21.
20
Calculate the remainder when 311 is divided by 45.
41
Calculate the remainder when 584 is divided by 45.
44
Calculate the remainder when 67 is divided by 23.
21
What is the remainder when 416 is divided by 106?
98
Calculate the remainder when 693 is divided by 70.
63
Calculate the remainder when 355 is divided by 28.
19
Calculate the remainder when 739 is divided by 185.
184
What is the remainder when 45 is divided by 5?
0
What is the remainder when 689 is divided by 253?
183
Calculate the remainder when 182 is divided by 61.
60
Calculate the remainder when 347 is divided by 25.
22
What is the remainder when 1276 is divided by 20?
16
What is the remainder when 5147 is divided by 198?
197
Calculate the remainder when 60 is divided by 32.
28
Calculate the remainder when 845 is divided by 144.
125
What is the remainder when 103 is divided by 15?
13
What is the remainder when 2023 is divided by 11?
10
Calculate the remainder when 19 is divided by 11.
8
Calculate the remainder when 27244 is divided by 262.
258
What is the remainder when 589 is divided by 2?
1
Calculate the remainder when 65 is divided by 11.
10
Calculate the remainder when 1539 is divided by 25.
14
What is the remainder when 2043 is divided by 340?
3
Calculate the remainder when 142 is divided by 112.
30
What is the remainder when 1137 is divided by 227?
2
Calculate the remainder when 213 is divided by 70.
3
Calculate the remainder when 1381 is divided by 77.
72
Calculate the remainder when 99 is divided by 25.
24
What is the remainder when 182 is divided by 55?
17
Calculate the remainder when 38 is divided by 26.
12
Calculate the remainder when 2451 is divided by 224.
211
Calculate the remainder when 1285 is divided by 14.
11
Calculate the remainder when 7564 is divided by 29.
24
What is the remainder when 48 is divided by 9?
3
Calculate the remainder when 1408 is divided by 507.
394
What is the remainder when 1789 is divided by 46?
41
Calculate the remainder when 8832 is divided by 70.
12
What is the remainder when 187 is divided by 8?
3
Calculate the remainder when 105 is divided by 6.
3
What is the remainder when 744 is divided by 371?
2
Calculate the remainder when 518 is divided by 8.
6
Calculate the remainder when 255 is divided by 37.
33
Calculate the remainder when 565 is divided by 71.
68
What is the remainder when 964 is divided by 187?
29
Calculate the remainder when 147 is divided by 17.
11
What is the remainder when 2261 is divided by 32?
21
What is the remainder when 1333 is divided by 23?
22
Calculate the remainder when 233 is divided by 61.
50
What is the remainder when 458 is divided by 113?
6
What is the remainder when 191 is divided by 41?
27
Calculate the remainder when 371 is divided by 31.
30
What is the remainder when 673 is divided by 45?
43
Calculate the remainder when 200 is divided by 179.
21
What is the remainder when 300 is divided by 78?
66
What is the remainder when 544 is divided by 79?
70
What is the remainder when 246 is divided by 11?
4
Calculate the remainder when 503 is divided by 228.
47
What is the remainder when 4974 is divided by 15?
9
What is the remainder when 91 is divided by 32?
27
Calculate the remainder when 55 is divided by 42.
13
Calculate the remainder when 4927 is divided by 58.
55
What is the remainder when 2000 is divided by 13?
11
Calculate the remainder when 2691 is divided by 70.
31
Calculate the remainder when 547 is divided by 257.
33
What is the remainder when 4299 is divided by 15?
9
Calculate the remainder when 43 is divided by 19.
5
Calculate the remainder when 2583 is divided by 47.
45
What is the remainder when 236 is divided by 25?
11
What is the remainder when 428 is divided by 71?
2
What is the remainder when 605 is divided by 41?
31
What is the remainder when 524 is divided by 26?
4
What is the remainder when 1109 is divided by 281?
266
What is the remainder when 880 is divided by 59?
54
Calculate the remainder when 1583 is divided by 69.
65
What is the remainder when 37 is divided by 17?
3
What is the remainder when 527 is divided by 22?
21
What is the remainder when 2417 is divided by 55?
52
What is the remainder when 446 is divided by 10?
6
Calculate the remainder when 99630 is divided by 13.
11
Calculate the remainder when 784 is divided by 33.
25
Calculate the remainder when 238 is divided by 117.
4
Calculate the remainder when 113 is divided by 15.
8
Calculate the remainder when 198 is divided by 86.
26
Calculate the remainder when 406 is divided by 65.
16
Calculate the remainder when 107 is divided by 9.
8
Calculate the remainder when 1429 is divided by 22.
21
What is the remainder when 686 is divided by 227?
5
What is the remainder when 7090 is divided by 33?
28
Calculate the remainder when 174 is divided by 167.
7
What is the remainder when 927 is divided by 49?
45
Calculate the remainder when 438 is divided by 36.
6
Calculate the remainder when 166 is divided by 148.
18
Calculate the remainder when 277 is divided by 40.
37
What is the remainder when 199 is divided by 82?
35
Calculate the remainder when 1177 is divided by 10.
7
What is the remainder when 186 is divided by 30?
6
Calculate the remainder when 70 is divided by 56.
14
Calculate the remainder when 197 is divided by 57.
26
What is the remainder when 569 is divided by 11?
8
Calculate the remainder when 82 is divided by 35.
12
What is the remainder when 1274 is divided by 72?
50
Calculate the remainder when 552 is divided by 9.
3
Calculate the remainder when 106 is divided by 43.
20
Calculate the remainder when 132 is divided by 46.
40
Calculate the remainder when 4634 is divided by 122.
120
What is the remainder when 967 is divided by 223?
75
Calculate the remainder when 54 is divided by 6.
0
What is the remainder when 183 is divided by 8?
7
What is the remainder when 840 is divided by 142?
130
Calculate the remainder when 411 is divided by 72.
51
Calculate the remainder when 4475 is divided by 11.
9
What is the remainder when 